base 11?
a
23 (base 14) to base 3
1011
-9 (base 11) to base 3
-100
-11 (base 3) to base 14
-4
Convert 1 (base 16) to base 12.
1
What is 0 (base 16) in base 8?
0
35 (base 6) to base 7
32
108 (base 12) to base 13
b9
Convert 5 (base 11) to base 9.
5
Convert -5 (base 10) to base 4.
-11
Convert 30 (base 7) to base 5.
41
What is 2200 (base 3) in base 10?
72
-14 (base 7) to base 3
-102
-36 (base 8) to base 9
-33
What is 100 (base 2) in base 14?
4
What is -2 (base 9) in base 4?
-2
What is 4 (base 9) in base 10?
4
What is -101 (base 2) in base 13?
-5
0 (base 9) to base 15
0
223 (base 4) to base 11
3a
What is -51 (base 13) in base 2?
-1000010
Convert -14 (base 13) to base 7.
-23
Convert 14 (base 16) to base 4.
110
Convert 1 (base 13) to base 5.
1
Convert 0 (base 4) to base 12.
0
What is -5 (base 12) in base 8?
-5
22 (base 4) to base 16
a
-12 (base 9) to base 2
-1011
-122 (base 3) to base 11
-16
Convert 0 (base 4) to base 3.
0
What is 1 (base 9) in base 6?
1
Convert -13 (base 5) to base 9.
-8
Convert -1 (base 14) to base 12.
-1
-7 (base 8) to base 5
-12
52 (base 7) to base 3
1101
What is 48 (base 9) in base 3?
1122
Convert 2231 (base 4) to base 5.
1143
Convert -44 (base 9) to base 2.
-101000
What is -112 (base 3) in base 11?
-13
Convert d (base 16) to base 14.
d
What is -12 (base 4) in base 2?
-110
Convert -10110 (base 2) to base 14.
-18
-8 (base 9) to base 11
-8
Convert -16 (base 11) to base 3.
-122
What is 199 (base 13) in base 11?
249
Convert -101100 (base 2) to base 15.
-2e
Convert 1011101 (base 2) to base 16.
5d
What is -106 (base 7) in base 5?
-210
-201 (base 3) to base 10
-19
Convert -7e (base 15) to base 9.
-142
220 (base 3) to base 7
33
Convert -6 (base 10) to base 16.
-6
Convert 43 (base 10) to base 8.
53
-1 (base 6) to base 8
-1
-5 (base 10) to base 9
-5
Convert 1431 (base 5) to base 9.
287
What is -1 (base 14) in base 9?
-1
107 (base 12) to base 7
304
What is -14 (base 13) in base 12?
-15
What is -5 (base 12) in base 16?
-5
-15 (base 8) to base 13
-10
47 (base 15) to base 4
1003
-a6 (base 14) to base 5
-1041
What is 79 (base 16) in base 2?
1111001
-30 (base 7) to base 14
-17
81 (base 13) to base 16
69
-151 (base 9) to base 8
-177
What is 2 (base 14) in base 10?
2
Convert -66 (base 7) to base 11.
-44
Convert 13 (base 10) to base 8.
15
Convert -4 (base 14) to base 9.
-4
Convert 3 (base 5) to base 8.
3
What is -55 (base 15) in base 14?
-5a
3 (base 16) to base 15
3
What is -3230 (base 4) in base 13?
-152
What is -2d (base 15) in base 3?
-1121
What is 3 (base 11) in base 13?
3
-1 (base 13) to base 14
-1
a (base 14) to base 16
a
What is 85 (base 9) in base 15?
52
What is -163 (base 10) in base 5?
-1123
Convert -43 (base 6) to base 8.
-33
3 (base 13) to base 14
3
Convert -113 (base 8) to base 9.
-83
What is -20 (base 3) in base 2?
-110
What is 2 (base 5) in base 13?
2
What is 403 (base 6) in base 4?
2103
-201 (base 5) to base 16
-33
Convert 6 (base 9) to base 12.
6
What is 22 (base 4) in base 5?
20
What is 3 (base 15) in base 12?
3
-311 (base 7) to base 11
-131
What is 31 (base 9) in base 15?
1d
What is 212 (base 3) in base 13?
1a
What is -2 (base 11) in base 13?
-2
What is 8 (base 12) in base 13?
8
4 (base 13) to base 3
11
-a (base 14) to base 7
-13
0 (base 11) to base 16
0
-3 (base 12) to base 11
-3
Convert -2 (base 9) to base 11.
-2
What is -173 (base 10) in base 12?
-125
What is 30 (base 13) in base 7?
54
-16 (base 12) to base 16
-12
What is -4 (base 6) in base 15?
-4
What is -5 (base 14) in base 4?
-11
Convert 123 (base 6) to base 4.
303
14 (base 6) to base 7
13
Convert 2 (base 3) to base 12.
2
What is 1100 (base 2) in base 7?
15
Convert -10111 (base 2) to base 5.
-43
What is 2 (base 3) in base 11?
2
Convert -147 (base 14) to base 13.
-16c
-46 (base 13) to base 11
-53
Convert -5 (base 9) to base 3.
-12
1 (base 4) to base 5
1
-3 (base 8) to base 2
-11
Convert 76 (base 8) to base 16.
3e
What is 7 (base 8) in base 9?
7
-2 (base 4) to base 6
-2
What is 3 (base 11) in base 3?
10
Convert -1 (base 11) to base 15.
-1
What is 3020 (base 4) in base 14?
104
0 (base 6) to base 10
0
What is -6a (base 14) in base 15?
-64
3 (base 5) to base 2
11
What is -110 (base 2) in base 11?
-6
-9 (base 12) to base 3
-100
What is 21 (base 4) in base 2?
1001
-12 (base 9) to base 3
-102
What is 1 (base 4) in base 13?
1
What is -3 (base 6) in base 13?
-3
What is -197 (base 10) in base 3?
-21022
14 (base 13) to base 10
17
Convert 10001101 (base 2) to base 3.
12020
Convert 25 (base 10) to base 4.
121
-1 (base 6) to base 9
-1
Convert -1 (base 5) to base 14.
-1
-215 (base 7) to base 13
-86
7 (base 16) to base 9
7
Convert -1233 (base 5) to base 2.
-11000001
-11 (base 3) to base 9
-4
What is -2 (base 9) in base 13?
-2
-8 (base 10) to base 2
-1000
What is -1 (base 3) in base 16?
-1
What is 1 (base 6) in base 14?
1
13 (base 10) to base 13
10
-5 (base 10) to base 4
-11
What is -10 (base 15) in base 12?
-13
Convert 1221 (base 3) to base 12.
44
What is -11 (base 7) in base 13?
-8
What is -1b (base 13) in base 6?
-40
What is -11 (base 2) in base 11?
-3
What is -53 (base 8) in base 4?
-223
What is 0 (base 13) in base 11?
0
What is 0 (base 13) in base 16?
0
Convert a (base 15) to base 7.
13
What is 40 (base 13) in base 15?
37
Convert -10 (base 6) to base 10.
-6
What is 51 (base 10) in base 2?
110011
Convert -10e (base 15) to base 13.
-155
-12 (base 3) to base 10
-5
Convert 4d (base 14) to base 10.
69
What is -2 (base 7) in base 10?
-2
-200 (base 5) to base 3
-1212
What is 9 (base 12) in base 10?
9
What is 10000 (base 4) in base 16?
100
-31 (base 4) to base 8
-15
What is -1 (base 9) in base 7?
-1
Convert 14 (base 8) to base 11.
11
What is -74 (base 8) in base 10?
-60
12 (base 3) to base 4
11
-5 (base 16) to base 15
-5
22 (base 6) to base 14
10
What is 10322 (base 4) in base 16?
13a
87 (base 10) to base 16
57
Convert -2 (base 9) to base 8.
-2
Convert 110 (base 2) to base 16.
6
What is -9 (base 14) in base 4?
-21
7 (base 9) to base 16
7
What is 0 (base 6) in base 7?
0
What is -15 (base 7) in base 5?
-22
What is 3 (base 12) in base 14?
3
What is -7 (base 10) in base 3?
-21
What is 21 (base 5) in base 11?
10
What is 1103 (base 4) in base 16?
53
93 (base 15) to base 13
a8
64 (base 7) to base 5
141
-11 (base 5) to base 10
-6
What is -60 (base 9) in base 14?
-3c
What is 97 (base 13) in base 16?
7c
Convert -4 (base 13) to base 8.
-4
What is 51 (base 7) in base 10?
36
What is 43 (base 14) in base 7?
113
What is 303 (base 4) in base 13?
3c
What is 1 (base 15) in base 3?
1
Convert -80 (base 14) to base 2.
-1110000
What is -da (base 15) in base 6?
-541
What is -2b (base 13) in base 10?
-37
-1 (base 14) to base 16
-1
10 (base 3) to base 9
3
Convert -124 (base 13) to base 6.
-531
Convert 98 (base 15) to base 4.
2033
4 (base 15) to base 4
10
-1101 (base 2) to base 9
-14
-56 (base 10) to base 12
-48
1a (base 15) to base 13
1c
What is 0 (base 10) in base 5?
0
What is -4 (base 10) in base 8?
-4
What is 8 (base 11) in base 14?
8
Convert -3 (base 6) to base 13.
-3
3 (base 10) to base 2
11
What is 4 (base 13) in base 5?
4
What is 5 (base 6) in base 8?
5
-28 (base 10) to base 12
-24
-c (base 13) to base 12
-10
2333 (base 4) to base 15
cb
Convert -42 (base 15) to base 3.
-2022
What is 36 (base 14) in base 11?
44
Convert 3 (base 13) to base 16.
3
-530 (base 8) to base 2
-101011000
22 (base 12) to base 11
24
Convert -30 (base 5) to base 10.
-15
-224 (base 6) to base 16
-58
What is -67 (base 14) in base 15?
-61
Convert 13 (base 14) to base 6.
25
What is 14 (base 5) in base 7?
12
Convert 162 (base 12) to base 9.
262
Convert 3 (base 4) to base 7.
3
Convert -6b (base 16) to base 5.
-412
What is 1 (base 13) in base 3?
1
Convert -3 (base 6) to base 4.
-3
Convert -202 (base 8) to base 5.
-1010
1e (base 16) to base 12
26
30 (base 4) to base 13
c
-1 (base 16) to base 9
-1
Convert -16 (base 16) to base 4.
-112
What is -12 (base 14) in base 11?
-15
Convert 34 (base 10) to base 14.
26
What is 35 (base 11) in base 12?
32
-2 (base 14) to base 10
-2
What is -1 (base 13) in base 11?
-1
What is 0 (base 8) in base 2?
0
1 (base 11) to base 6
1
37 (base 14) to base 6
121
-14 (base 6) to base 7
-13
Convert -27 (base 9) to base 6.
-41
What is 225 (base 12) in base 7?
632
Convert 37 (base 15) to base 6.
124
What is -4 (base 13) in 